-2
Let s(y) = y**2 - 4*y - 4. Suppose -4*i + 0*i = -r, -4*r = 4*i - 100. Suppose -16*p - r = -20*p. What is s(p)?
1
Let b(f) = -f**2 - 6 + 0 + 8*f - 3. Let i be b(6). Let u(t) = -3*t**i + 0*t**2 + 3*t**2 + 4*t**3 - 2*t. What is u(-3)?
6
Let i(h) = -h**2 - 2*h + 3. Let a = -65 - -67. What is i(a)?
-5
Let v(j) = j**2 + 2*j + 1. Let k(p) = p**3 - 4*p**2 + 5. Let x be k(4). Suppose x*y - 15 = 2*y. Suppose q - 3*o = -7*o + y, -5*o = -2*q - 16. Determine v(q).
4
Let p(b) = 2*b + 0 + 1 - 3 - 2. Determine p(4).
4
Let d(f) = 2*f + 12. Let w(b) = -b - 6. Let a(m) = 6*d(m) + 13*w(m). Give a(-7).
1
Let w(k) = -k**2 - k + 4. Let i be w(2). Let m(f) = -f**3 + f**2 + 3*f + 2. Calculate m(i).
8
Suppose 5*z - z = 8. Suppose -j = z*j - 9. Let l(q) = -q**3 - 3*q**2 + 6. Let a(v) = 2*v**3 + 2*v**2 + v - 7. Let h(s) = -2*a(s) - 3*l(s). What is h(j)?
8
Let a(p) = p**2 + 4*p - 1. Suppose 0 = 5*s - 29 + 9. Suppose b + 15 = s*b. Suppose 0*z = b*z + 15. Calculate a(z).
-4
Let g(s) = 3*s**3 - s**2 - 4*s + 4. Let o(m) = -m**3 - m**2. Let a(d) = g(d) + 2*o(d). Determine a(4).
4
Let b(k) = 19*k**3 + k**2. Let h be b(1). Let p be 8/h + (-46)/(-10). Let d(o) = -1 + o**3 + 5 + 5*o**2 - 1 - 2*o**3. Give d(p).
3
Let j(b) = -b**3 + b - 11. Let d be j(0). Let m(n) = n**3 + 12*n**2 + 11*n + 2. Let p be m(d). Let x(s) = s**3 - 5*s**2 + 3*s. Determine x(p).
-6
Let p(t) = 2*t - 3*t + 1 - 3. Let z be p(0). Let a(u) = 4*u**2 - 1. What is a(z)?
15
Let p(n) = -2*n + 4. Let b(s) = s**2 + s + 1. Let o = 4 - 6. Let u be b(o). Calculate p(u).
-2
Let s(z) be the second derivative of 1/2*z**2 - 3*z + 0 + 1/2*z**4 - 1/20*z**5 - z**3. Determine s(5).
-4
Let o(v) be the first derivative of v**2 - 3*v + 2. Let n = -2 + 8. Let y be 8/n - (-2)/3. Determine o(y).
1
Let y(j) = -j**2 - 9*j + 5. Suppose -3*g = 45 - 21. What is y(g)?
13
Suppose -2*x - 4 = 2*m + x, 5*m + 4*x = -10. Let v(f) = f**3 + 2*f**2 + 3*f + 1. Determine v(m).
-5
Let z(s) = s**3 + 5*s**2 - 7*s - 2. Suppose -2*v = -7*v - 45. Let c(j) = j + 3. Let t be c(v). Determine z(t).
4
Suppose -4*m + 6 = -d - 4, -4*m + 4 = -4*d. Suppose 16 - 1 = x. Suppose 6*n = m*n - x. Let b(g) = -g**2 - 4*g + 7. Give b(n).
2
Let a(i) be the third derivative of i**5/120 + i**4/24 + i**3/2 - 4*i**2. Let y(p) be the first derivative of a(p). Determine y(1).
2
Let r(o) = 13*o - 9. Let w(h) be the first derivative of 3*h**2/2 - 2*h - 3. Let l(g) = -4*r(g) + 18*w(g). Determine l(3).
6
Let d(f) = -2*f + 6. Let q(r) = -1. Let l(y) = -d(y) - 5*q(y). Let c = 11 + -16. Let n = -2 - c. Give l(n).
5
Suppose -2*l + 10 = 2*f - 0*l, -2*l = 3*f - 12. Let i = 4 - f. Let h(c) = -c**3 - 3*c**2 + 4*c - 3. Determine h(i).
-15
Let t(z) be the third derivative of 3*z**5/20 - z**4/24 - 11*z**2. Determine t(-1).
10
Let q(l) be the third derivative of l**6/120 + l**5/60 - l**4/24 - l**3/6 - 2*l**2. Let h be q(-1). Let a(w) = w**2 - w - 4. Determine a(h).
-4
Let m(k) = k**2 - 2*k - 6. Let g be m(4). Let o(t) be the third derivative of -1/12*t**4 + 1/6*t**3 + 0 + g*t**2 + 0*t. What is o(-4)?
9
Let c(x) = 2*x - 3*x**2 + 4*x**2 + 4*x - 5*x + 2. Calculate c(0).
2
Let a(q) = 6*q**3 - 11*q**2 - 6*q + 11. Let o(b) = -7*b**3 + 12*b**2 + 5*b - 12. Let s(p) = -6*a(p) - 5*o(p). Calculate s(7).
22
Let m(j) be the first derivative of -j**4/4 + 4*j**3/3 - 3*j**2/2 + 6*j - 1. Let g be 14/4*(-152)/(-133). Calculate m(g).
-6
Let t(i) be the third derivative of 3*i**4/8 - i**3/6 - 8*i**2. What is t(1)?
8
Let q = 5 + -2. Let h(s) = -q*s - 1 + 2*s - 6 + 3. Give h(-4).
0
Let p(z) = -z - 17. Let i be p(-22). Let q(x) = x**3 - 8*x + 1. Let h(a) = a**3 + a**2 - 9*a + 1. Let y(c) = 4*h(c) - 5*q(c). Calculate y(i).
-6
Let q(i) = i**3 + i**2 - i. Let l be q(-1). Let c(a) be the third derivative of a**5/60 - a**4/24 + a**3/6 + 3*a**2. Calculate c(l).
1
Let j(o) be the third derivative of 0*o**3 - 7/24*o**4 - 2*o**2 + 0*o + 0. Determine j(-1).
7
Suppose 2*n - 4 = -12. Let g be (-30)/n + (-3)/6. Let t(x) = -8*x - 1 + g*x - 3. Calculate t(-3).
-1
Suppose -8*x = -5*x. Let j(m) = -m**2 - m - 2. What is j(x)?
-2
Let v = 5 + -8. Let f(q) = -q**3 - q**2 + 4*q + 2. What is f(v)?
8
Let l be (-60)/(-25)*-1*5. Let z be l/(-10)*(-20)/(-8). Let s(y) = -4*y - y**z - 2*y - 5*y**2 - 5 + y. Give s(-4).
-1
Let k(h) = 9*h**2 - h - 1. Let y = 22 - 23. Calculate k(y).
9
Let u(m) = -m**3 - m**2 - m + 5. Let q(j) be the second derivative of -j**4/12 + j**3/6 + j**2 - 4*j. Let z be q(2). Determine u(z).
5
Let l be (-8)/4*2 + 2. Let i(x) = 0*x**2 - 5*x**2 - 1 + x + 4*x**2. Determine i(l).
-7
Let d(b) = b**3 + 5*b**2 - 5. Suppose 3*u = 0, -6 = r - 3*r + u. Suppose t + r = 8. Let n be (-1)/(1/t*1). Determine d(n).
-5
Let h(x) = -x - 7. Let q(l) = -3*l - 14. Let k(p) = -9*h(p) + 4*q(p). Let s(z) = -z**2 - 4*z. Let t be s(-3). Suppose -7 = -2*g + t. What is k(g)?
-8
Let c(q) = q - 2*q + 1 + q**3 - 5*q + 4*q + 5*q**2. Calculate c(-5).
11
Let o(y) be the first derivative of y**2/2 - y - 8. What is o(5)?
4
Let n(l) = l. Let v be n(2). Let c(u) = -3*u + 3. Give c(v).
-3
Let z(n) = n + 2. Let w = -5 - -7. Calculate z(w).
4
Let l(x) = x**3 - 3*x**2 + 2*x**2 + 5*x**2 + 3 - x. Let m be (-2)/(-6) - (-56)/12. Suppose -13 = 2*n - m. Calculate l(n).
7
Let r = 104 + -111. Let d(k) = -k + 6. Determine d(r).
13
Let n = 1 - -1. Suppose -n*w + 2 = -w. Let p(l) = 3*l - 5*l - 2*l + 1. Calculate p(w).
-7
Let m = 22 - 22. Let y(n) be the third derivative of 1/6*n**3 - 2*n**2 + 0*n**5 + 1/40*n**6 + 0 + 0*n**4 + m*n. Give y(-1).
-2
Let y(v) be the first derivative of -v**2 + 3*v - 5. Suppose g - 3*r = 9, 3*g - 17 = -0*g + 4*r. Suppose h - 4 + 1 = 0, 2*t + g*h = 13. Determine y(t).
-1
Suppose -15 = 3*h + 3*z, 10 - 3 = -2*h + z. Let w be (-4 + 8)*2/h. Let c(b) = 3*b. Determine c(w).
-6
Let m(z) = 2*z**2 - 4. Let r = 7 + -4. What is m(r)?
14
Let k(p) = p**2 + 2*p - 2. Suppose -5*x - 8 - 4 = -3*n, 3*n = 2*x + 3. What is k(x)?
1
Let j(w) = -4*w**2 - 9*w**3 - 6 - 3*w + 27*w**3 - 17*w**3. What is j(5)?
4
Let o = -5 + 9. Suppose 0 = 2*f + o*c - 9*c + 30, 5*f = 2*c - 33. Let z(y) be the first derivative of y**3/3 + 3*y**2 + 6*y + 3. What is z(f)?
1
Let p(g) = -6*g + g + 0*g**2 - g**2. Let d(k) = 34*k**2 + k + 1. Let q be d(-1). Suppose l - 5*z = 10, l - q = 6*l + 3*z. Calculate p(l).
0
Let l(m) be the third derivative of -m**6/120 + m**5/30 - m**3/6 - 7*m**2. Determine l(2).
-1
Let r(d) = d**3 + 12*d**2 - 1. Let s(y) = y**2 + 8*y. Let w be s(-2). Give r(w).
-1
Suppose y = -4*y. Let u(p) = -2*p**2 + 3*p**2 + 0*p**2 + y*p + 5 - 7*p. Give u(5).
-5
Let p(f) be the second derivative of f**5/20 - f**4/4 - f**3/3 + 3*f**2/2 - 2*f. Suppose -2*k + 18 = 4*u, 2*k - 6 = u + u. What is p(u)?
-5
Let x(i) = 2*i - 20. Let d be x(10). Suppose d = -v - f + 1, -7 = -3*v - v - f. Let n(j) = 2*j**2 + 4 - 4*j**2 - 2. Calculate n(v).
-6
Suppose -2*k - x + 9 = 0, -6*k + 3*k = -2*x + 4. Let v(t) = 1 + k - 2*t - t**2 - 2*t + 3*t. Determine v(-4).
-9
Let b(h) = h**2 - 6*h + 4. Let l be ((-10)/4)/((-13)/26). Determine b(l).
-1
Suppose -5*p + p + 11 = 5*g, p - 8 = -3*g. Let t(i) = -8*i + i**g + 3*i**2 - i - 2 + 3*i. Determine t(-4).
6
Let r = -10 + 11. Let j(s) = 62*s + r + 0 - 59*s. Determine j(2).
7
Let y(j) = -6*j**2 + 1. Let o(c) = -c**3 - c - 1. Suppose -3 = -3*q + 12, -a + 9 = 2*q. Let r be o(a). Determine y(r).
-5
Let k(i) = 4*i + 1. Suppose 5*b + 3*w + 31 = 2*w, 5*b - 2*w + 43 = 0. Let z = b + 6. Let n = z + 3. Give k(n).
9
Let t(d) = -d**3 - 13*d**2 - 2*d - 1. Let v(m) = m**2 - m. Let p = 17 + -16. Let u(s) = p*t(s) + 6*v(s). Calculate u(-6).
11
Let y be (-28)/(-6) - 2/3. Let o(j) = -2 + y*j + 0 - 1 - j. Determine o(-3).
-12
Let t(f) = f**2 - f - 4. Suppose 0 = 2*j - 0*j + 2*b - 10, -3*b = -3*j + 15. Suppose -2*r = p + 4*p - 9, 2*r = j*p - 21. Determine t(p).
2
Let w(v) = v + 3. Let q be w(4). Let p(a) = -7*a**2 + 12*a + 11. Let g(o) = 10*o**2 - 18*o - 17. Let x(k) = -5*g(k) - 7*p(k). Calculate x(q).
1
Suppose 3*v + 11 - 2 = 0. Let b(x) = -4*x**2 + x - 5. Let w(h) = -9*h**2 + h - 11. Let a(t) = v*w(t) + 7*b(t). What is a(4)?
-2
Let x be (3 - 9)*1/2. Let i(a) = 0*a - 4*a - a + 7*a + 3 + a**2. Give i(x).
6
Let u = -4 - -16. Let i be 3/u + 11/4. Let x(d) = d**3 - 4*d**2 + 2*d - 4. Determine x(i).
-7
Let h(j) = -j**2 + 3*j - 2. Let b be h(3). Let o(d) = -2*d + 6. Let t(q) = q - 3. Let v(x) = 